e -137 = 5*b - 11312. Suppose l - h = 546, 5*h - b = -5*l + 445. Is l a composite number?
False
Is 6 + -3 + -11 - (-85249 + (-100)/(-10)) composite?
True
Let m(i) be the first derivative of 323*i**4/24 + i**3/2 + 5*i**2 + 7. Let g(s) be the second derivative of m(s). Is g(2) a composite number?
True
Let d(s) = -80*s**3 + 18*s**2 + s - 26. Let z be d(-8). Suppose -123562 = -40*m + z. Is m a composite number?
True
Let m(k) = -15466*k + 313. Is m(-4) composite?
True
Suppose -3784802 - 4726568 = -70*j. Is j prime?
True
Let v be (2 - 8)*(-20)/(-60). Is (-223)/(-2)*(0 - v) a composite number?
False
Is (-2)/((-1018470)/1357896 - ((-18)/24 - 0)) a prime number?
False
Is (-43 - -37) + 3/((-3)/(-1045)) a prime number?
True
Suppose s + 4*u - 30109 = 0, 2*u = 32*s - 37*s + 150653. Is s composite?
False
Suppose 6*w = -125*w + 24*w + 57190109. Is w prime?
False
Let z(o) = -o**2 + 19*o - 91. Let q be z(12). Let i(d) = 571*d**2 - 25*d + 15. Is i(q) prime?
False
Suppose 300*r - 306*r = -786042. Is r a composite number?
True
Suppose 30*r - 33*r + 474 = 0. Let j = 45 + r. Is j prime?
False
Let f = 59 - 59. Let q(t) = t**3 - 5*t**2 + 6*t + 1204. Let h(p) = -p**3 + 6*p**2 - 7*p - 1205. Let w(g) = 5*h(g) + 6*q(g). Is w(f) a prime number?
False
Suppose 2*r - 5*r - 5*o - 792 = 0, 254 = -r - 5*o. Let g = r + 414. Let b = 798 - g. Is b prime?
True
Suppose -91*v + 88*v - 3544043 = -5*j, j = -3*v + 708787. Is j a composite number?
True
Suppose 0 = 5*q - f - 460320, 42*f = -4*q + 45*f + 368245. Is q prime?
False
Let d be 12/21 - (-20)/(-35). Suppose -5*t - 25 = d, -3*w - 2*t + 16954 = w. Is w composite?
False
Let c = -753 + 749. Is 1577/((-5)/20*c) a prime number?
False
Let g(j) = 4*j**2 - 73*j + 47. Let w = 500 + -474. Is g(w) prime?
True
Is 4 + -15 - (12 + -40270) composite?
True
Suppose 6*o - 73663 - 18047 = 0. Suppose -10*s = -7*s + o. Let p = -2252 - s. Is p composite?
False
Suppose 0 = t - 113 + 213. Let c be t/(-75) + (-196)/(-6). Suppose -39*g + 890 = -c*g. Is g prime?
False
Suppose 2*i + 7708 = -3178. Let l = 3016 - i. Is l composite?
True
Let o(b) = -14094*b + 7047*b + 576*b**3 - b**2 + 2 + 3*b**2 + 7044*b. Suppose 3*w = -2*g + 5*g - 18, 0 = 4*g - 2*w - 14. Is o(g) a prime number?
True
Let o = 44 + -49. Let x be 1 + 0 - (1 - 3 - o). Is 1/x + (-5)/((-30)/669) a prime number?
False
Let t(q) = -17473*q + 35. Let d be t(-11). Suppose 22*g = d + 37156. Is g a prime number?
True
Let o = -59947 - -1246128. Is o a composite number?
False
Suppose 0 = z - 0*z - u - 17231, -z + 17228 = -4*u. Suppose z + 20797 = 17*g. Is g a composite number?
False
Let f(o) = 3266*o**2 - 2*o - 1. Let s be (-6)/(-27) - (1 + (-485)/45). Let m = s - 9. Is f(m) a prime number?
False
Suppose 28*d = 9*d - 48*d + 3303301. Is d prime?
False
Let h(i) = 74*i - 99. Let m(a) = -a**3 - 18*a**2 + 15*a - 47. Let r be m(-19). Is h(r) prime?
False
Let b = 36263 + -13650. Is b a prime number?
True
Suppose 0 = 4*w - 4*k - 16, k + 0*k + 10 = 2*w. Let h(x) = 645*x + 73. Is h(w) prime?
True
Let p(m) = -m**3 + 3*m**2 + 13*m - 7. Let i be p(5). Is (-19098)/(-15)*4/(i/5) a composite number?
True
Let u = -21363 + 8356. Let h = -4510 - u. Is h a prime number?
False
Is (3/(-3))/(11/(-672309)) - -10 a composite number?
False
Let g(z) = 24543*z + 184. Is g(3) prime?
False
Let b(q) = -2428 + 1077 + 1168 - 371*q. Is b(-20) a composite number?
False
Let b be (-4 - -8) + 9 + -8. Let r(w) be the third derivative of 2*w**6/3 - w**5/20 + 3*w**4/8 - 3*w**3/2 - w**2. Is r(b) prime?
False
Let v = -604936 - -1067633. Is v a prime number?
True
Suppose -2*r + 210781 = -1449493 - 3586700. Is r a composite number?
False
Suppose -6*f = 2*f + 43640. Let l = f + 8474. Is l prime?
True
Suppose 5*u - 10 = 3*k, -5*k + 8*k + 17 = -2*u. Let j(g) = -8*g**3 - g + 0*g**2 + 3*g - 2*g**2 - 11. Is j(k) prime?
True
Suppose -o - 4 = -3, 6*o = 5*k - 83941. Suppose 4*d - 3*d + 2*l - k = 0, 5*l + 20 = 0. Is d a composite number?
True
Suppose 36*j - 12*j - 3*j = 13160553. Is j a prime number?
True
Let p = 544395 + 1021944. Is p a prime number?
False
Let q = -87570 - -158456. Suppose -20*a + 42494 = -q. Is a a prime number?
True
Let x(f) = f**3 + 14*f**2 - 15*f - 24. Let l(m) = -3*m**3 - 27*m**2 + 31*m + 47. Let n(w) = -2*l(w) - 5*x(w). Let a be n(15). Is 588 + (0 - 4/a)/(-1) prime?
True
Let s be (0 - (-2 + -2360))*(-2)/4. Is (s/4)/(70/(-560)) prime?
False
Is (476/(-17) - -31)*277517*2/6 a prime number?
False
Let v = 15 - 17. Suppose 2*c = -3*l - 14035, -35098 = 5*c - 5*l + 9*l. Is (2/v)/(3 - (-21068)/c) composite?
False
Is (14/(-35)*5/(-10))/(2/412690) a prime number?
True
Let w(x) = 5*x**2 - 14*x - 2. Let s(h) = -h**3 + 9*h**2 - 16*h + 11. Let c be s(8). Let o = -57 - c. Is w(o) prime?
False
Suppose -156 = -2*z - 0*z. Suppose -4440 = -21*i + 6*i. Let p = i - z. Is p a prime number?
False
Suppose 190*n - 13470 = 15*n + 590805. Is n composite?
True
Let w(l) = -131193*l + 2450. Is w(-3) prime?
True
Suppose -g + 153691 = 2*g - 2*x, -2*x - 102464 = -2*g. Is g composite?
True
Let l = 377 + -404. Is (2/4)/(l/(-738126)) prime?
True
Let p(z) = -z**3 - 2*z**2 - z + 24. Let a be p(0). Let w(d) = d**2 - 21*d. Let j be w(21). Suppose 3*c - 69 - a = j. Is c a prime number?
True
Let u(d) = -31*d**3 - 52*d**2 - 150*d - 50. Is u(-29) a prime number?
False
Suppose 0 = -5*h - 6*a + a + 119830, -25 = 5*a. Is h prime?
True
Let r = -236428 + 368731. Suppose -19*p + r = -16*p. Is p composite?
False
Suppose t - 132697 = -25*n + 24*n, 3*n - 398087 = -t. Is n prime?
False
Suppose q - 929*a + 927*a - 3389 = 0, -4*q + 13457 = 3*a. Is q prime?
True
Let u(f) = -4*f + 1. Let v(g) = g**3 - 4*g**2 + g - 6. Let o be v(4). Let t be u(o). Is (-12)/t - 3367/(-21) a prime number?
False
Suppose 19*r - 160*r + 223074831 = 0. Is r prime?
False
Suppose 0 = c + 16 - 15, -c + 2491 = 4*f. Is f a composite number?
True
Let p(l) = l**3 - 47*l**2 + 104*l + 69. Let u = 818 - 769. Is p(u) composite?
False
Let s(d) be the second derivative of 2*d**3/3 + 4*d**2 - 22*d. Let c be s(-2). Is 1623 + -1 + -1 + c a composite number?
False
Let c(x) = 2987*x**2 - 32*x + 221. Is c(6) prime?
False
Let d(q) = 5*q - 19. Let a be d(5). Suppose 6344 = a*u - 844. Suppose 8*p - u = 6*p. Is p a composite number?
False
Let z = 38928 - -2405. Is z a composite number?
False
Suppose 9*r = 912106 - 72343. Is r a prime number?
True
Let a(y) = -43*y - 68. Let v(q) = 22*q - 5. Let k be v(4). Let s = k - 108. Is a(s) a prime number?
False
Let d(q) = 19*q**3 + 2*q**2 - 2*q + 1. Let n be d(2). Let c be 1782/(-99)*(-22)/(-6). Let z = n - c. Is z prime?
True
Let b = -40 - 19. Let o = b + 64. Suppose 2*j + o*m - 33 - 80 = 0, -2*j = 2*m - 128. Is j a composite number?
True
Let n = 363 + -8. Let o = n - -1104. Is o a composite number?
False
Let g(o) = 186*o**2 + 890*o + 161. Is g(-50) composite?
True
Let y = -32 - -31. Let z(u) = 2*u**2 + 1. Let q be z(y). Suppose h - 3*b + b - 137 = 0, -2*h = q*b - 281. Is h a prime number?
True
Let u(c) = 1758*c - 197. Is u(27) composite?
False
Let o be 4/2 - (22 - 20). Let i(r) = 5*r + 254*r**3 - 2*r**2 + o*r**2 - 3*r - r. Is i(1) composite?
True
Suppose 0*a = 4*a - 0*a. Let p be (-12)/(-24)*a*(-2 + 1). Is (p + 4 - 6462)/(-2) a composite number?
False
Let f(q) = 5 - 146*q**2 - 13*q + 148*q**2 + 6*q + 31*q**3. Is f(3) a prime number?
True
Let k = 4654 - 7996. Is (-1*k/(-6))/(-2 + 1) a composite number?
False
Let u = -18 - -20. Suppose -u*c + 7 = 47. Is 419/2 + c/8 + 4 composite?
False
Let o(j) = -8*j - 65 + 7*j**2 + 60 + 12*j**3 - j. Is o(7) a prime number?
True
Let h = 4681 - 5545. Let y = 2058 - 613. Let w = y + h. Is w a composite number?
True
Let l = 38624 - 22175. Let h = l + -5798. Is h prime?
True
Is (21/(-4))/(300/(-3160400)) prime?
False
Suppose u + 3 = 0, n - 2*n = -2*u - 397. Suppose l - 5*l + 0*l = 0. Suppose -4*b - 155 + n = l. Is b prime?
True
Let h(f) = 13896*f + 7255. Is h(7) composite?
False
Let c(i) = 421*i**2 + 8*i - 130. Is c(-17) a prime number?
True
Suppose 5*i + 2*j - 68955 = 0, -4*i - 4*j + 55166 = -2*j. Let k = i + 1638. Is k prime?
True
Let t(b) be the third derivative of 23*b**4/6 - 13*b**3/6 + 2*b**2. Suppose 2*v = -2506 + 2516. Is t(v) composite?
True
Let x(l) be the third derivative of 2237*l**6/60 - l**5/30 + l**4/12 - 200*l**2. Is x(1) prime?
False
Suppose 0 = -4*n 